229. Calculate n(32).
123
Let d(t) = -t**3 + 21*t**2 - 18*t - 30. Determine d(20).
10
Let s(y) = y**2 - 67*y + 309. What is s(5)?
-1
Let f(t) = t**3 - 73*t**2 + 206*t + 13. Determine f(70).
-267
Let u(c) = -c**2 + 12*c + 522. What is u(27)?
117
Let x(u) = 182*u - 1262. What is x(7)?
12
Let i(s) = s**3 + 28*s**2 - 145*s - 25. Calculate i(-32).
519
Let v(m) = m**2 - 29*m - 12. Give v(22).
-166
Let r(t) = 61*t + 896. What is r(-9)?
347
Let y(w) = 933*w - 11198. What is y(12)?
-2
Let t(k) = 114*k - 19951. Give t(175).
-1
Let y(p) = p**3 - 31*p**2 - 73*p + 218. Give y(33).
-13
Let v(d) = -16*d**2 + 62*d + 247. Give v(-4).
-257
Let l(k) = -12*k**2 + 972*k + 144. What is l(81)?
144
Let n(g) = g**3 - 138*g**2 + 136*g + 137. Give n(137).
0
Let w(o) = o**2 + 4*o + 17. Calculate w(-5).
22
Let n(v) = -25*v - 138. Calculate n(-18).
312
Let g(m) = 3*m**3 - 36*m**2 + 65*m - 23. Give g(10).
27
Let r(d) = 575*d - 15528. What is r(27)?
-3
Let s(u) = u**3 + u**2 - 16*u. What is s(-5)?
-20
Let p(b) = -74*b + 127. Calculate p(2).
-21
Let a(j) = -5*j**3 + 61*j**2 - 9*j - 41. Determine a(12).
-5
Let a(l) = -l**3 - 27*l**2 + 36. Determine a(-27).
36
Let p(f) = 231*f**2 - 476*f + 3. Determine p(2).
-25
Let w(z) = 799*z + 9594. Calculate w(-12).
6
Let c(p) = -3*p**2 - 3*p + 50. Calculate c(-8).
-118
Let i(p) = p**2 + 225*p + 2950. Calculate i(-14).
-4
Let s(y) = 43*y - 34. Give s(1).
9
Let s(r) = -r**2 + 42*r - 324. Determine s(10).
-4
Let b(k) = -2*k**2 + 8*k + 33. Give b(-2).
9
Let w(p) = -p**3 - 8*p**2 + 19*p + 85. What is w(-9)?
-5
Let k(v) = -112*v - 542. What is k(-4)?
-94
Let h(t) = 98*t + 4010. Determine h(-41).
-8
Let p(i) = i**3 - 30*i**2 + 77*i + 135. What is p(27)?
27
Let q(r) = r**3 + 6*r**2 + 6*r + 18. What is q(-5)?
13
Let j(d) = -290*d + 1143. Give j(4).
-17
Let t(v) = -7*v**2 + 16*v - 73. Give t(7).
-304
Let b(p) = -81*p**2 + 2392*p + 1144. Give b(30).
4
Let v(l) = -18*l - 153. Calculate v(-7).
-27
Let h(q) = 22*q**2 + 243*q + 21. Calculate h(-11).
10
Let m(c) = -c**3 + 27*c**2 - 34*c - 61. What is m(26)?
-269
Let k(q) = -27*q - 57. Give k(-3).
24
Let v(k) = -k**3 - 27*k**2 - 17*k + 64. Give v(-2).
-2
Let d(m) = 377*m - 2642. Give d(7).
-3
Let x(z) = z**2 - 4*z - 8833. Give x(-92).
-1
Let y(x) = -x**3 + 22*x**2 - 27*x - 36. Give y(21).
-162
Let s(i) = -2*i**3 + i**2 + 8*i - 41. Calculate s(4).
-121
Let l(m) = -m + 53. Determine l(8).
45
Let b(m) = m + 334. What is b(-83)?
251
Let x(u) = 14*u + 374. Determine x(-19).
108
Let s(t) = 19*t**2 + 195*t + 10. Give s(-5).
-490
Let b(j) = -5115*j**2 - 30688*j + 8. What is b(-6)?
-4
Let p(o) = 13*o**2 + 1002*o + 82. Determine p(-77).
5
Let v(f) = 2*f**3 - 13*f**2 - 4*f - 23. Calculate v(7).
-2
Let d(a) = -666*a - 2631. Give d(-4).
33
Let w(z) = 4*z**2 - 154*z + 75. What is w(38)?
-1
Let d(m) = -6*m + 37. Give d(6).
1
Let d(i) = 16*i**2 - 16*i - 33. What is d(-2)?
63
Let a(p) = -60*p**2 + 489*p + 17. Give a(8).
89
Let s(p) = -2*p**2 + 389*p - 13145. What is s(151)?
-8
Let f(c) = 2*c**3 + 34*c**2 - 43*c - 37. Calculate f(-18).
89
Let c(l) = l**2 + 3659*l - 10986. Give c(3).
0
Let x(f) = -5*f**2 + 36*f + 325. Determine x(-5).
20
Let s(y) = -129*y**3 + 9*y - 7. Give s(1).
-127
Let k(x) = -x**2 + 13*x - 32. Calculate k(12).
-20
Let t(p) = -42*p**2 + 210*p - 227. Give t(3).
25
Let r(m) = 3290*m - 29588. Calculate r(9).
22
Let s(n) = -26*n**2 + 32*n - 18. Determine s(1).
-12
Let i(y) = -13*y + 1064. Give i(83).
-15
Let t(x) = -7*x**2 + 113*x - 450. What is t(8)?
6
Let i(s) = 7*s + 298. What is i(-27)?
109
Let l(q) = q**2 - 116*q - 24164. Determine l(224).
28
Let o(u) = -3*u**2 - 82*u + 475. Calculate o(7).
-246
Let u(h) = 3*h**3 + 7*h**2 - 15*h - 1. What is u(3)?
98
Let l(o) = -o**3 - 7*o**2 + 10*o - 8. Determine l(-10).
192
Let c(t) = 15*t + 325. Calculate c(-23).
-20
Let t(u) = 18*u - 161. Give t(-8).
-305
Let r(j) = -104*j + 8402. What is r(82)?
-126
Let z(r) = r**3 - 7*r**2 - 43*r - 37. Determine z(11).
-26
Let c(y) = -3*y**2 - 69*y + 73. What is c(-23)?
73
Let n(w) = w**3 + w + 3. Give n(-2).
-7
Let u(n) = 185*n**2 - 3885*n - 1. What is u(21)?
-1
Let f(t) = 163*t - 980. Give f(6).
-2
Let p(r) = -r**3 - 2*r**2 + 126*r + 26. What is p(9)?
269
Let i(s) = 27*s - 730. Give i(26).
-28
Let z(o) = 115*o**2 - 10*o + 8. Give z(1).
113
Let t(u) = 157*u - 10904. Give t(69).
-71
Let z(q) = -2*q**3 + 47*q**2 - 220*q + 4526. What is z(23)?
-5
Let h(a) = -a**3 - 20*a**2 - 57*a - 227. Give h(-19).
495
Let z(a) = -a**2 + 418*a + 5167. What is z(-12)?
7
Let w(k) = -14*k**2 - 3289*k + 228. What is w(-235)?
-7
Let p(f) = 2*f**2 + 8*f - 16. Determine p(-10).
104
Let u(s) = s**3 + 14*s**2 + 28*s + 103. What is u(-10)?
223
Let w(d) = -50*d - 424. What is w(-18)?
476
Let o(y) = y**2 - 5*y - 6151. Give o(81).
5
Let q(v) = v**2 + 14*v - 2. Give q(-4).
-42
Let j(p) = -p**3 - 13*p**2 - 40*p - 8. Give j(-5).
-8
Let l(u) = -200*u + 848. What is l(6)?
-352
Let j(d) = d**3 - 22*d**2 + 138*d - 3041. Give j(22).
-5
Let d(w) = -399*w - 1983. Calculate d(-5).
12
Let x(l) = 286*l**2 - 1712*l - 34. Determine x(6).
-10
Let n(p) = 3*p**3 - 146*p**2 - 94*p + 2222. Give n(49).
17
Let g(i) = -i**2 + 11*i + 74. Determine g(16).
-6
Let s(q) = -q**3 - 27*q**2 - 27*q - 103. Determine s(-26).
-77
Let c(z) = 1104*z - 22086. Give c(20).
-6
Let i(h) = 230*h - 30345. Calculate i(132).
15
Let l(c) = c**3 - 10*c**2 + 15*c - 2. Determine l(2).
-4
Let b(x) = 328*x - 1602. Calculate b(5).
38
Let t(s) = -s**3 - 27*s**2 - 111*s - 433. Give t(-23).
4
Let j(c) = -18*c - 31. Give j(7).
-157
Let h(t) = -t**3 + 97*t**2 + 400*t + 391. Give h(101).
-13
Let w(z) = -52*z + 3. Give w(-3).
159
Let m(s) = s**2 + 27*s - 124. What is m(-31)?
0
Let z(p) = 846*p - 4221. Give z(5).
9
Let z(j) = -j**3 - 15*j**2 + 16*j + 7. Give z(-16).
7
Let x(l) = l**3 - 3*l**2 - 312*l + 105. Calculate x(19).
-47
Let z(m) = -m**3 + 3*m**2 + 5*m + 12. Calculate z(0).
12
Let f(v) = 2*v**2 - 128*v - 4950. Give f(91).
-36
Let z(j) = 9*j**2 + 77*j + 42. Give z(-8).
2
Let t(y) = y**2 - 22*y + 16. Give t(15).
-89
Let x(y) = -y**2 + 1782*y - 83236. Calculate x(48).
-4
Let i(r) = -3*r**3 + 8*r**2 + 10*r + 6. Give i(-4).
286
Let t(d) = d**2 - 13*d - 179. Give t(-6).
-65
Let j(o) = 59*o - 2973. Give j(50).
-23
Let y(r) = 44*r + 900. Calculate y(-12).
372
Let u(p) = -6*p**2 - p. Calculate u(2).
-26
Let a(i) = -57*i**2 - 3*i + 2. Calculate a(2).
-232
Let u(g) = 10*g**2 + 181*g + 41. Give u(-19).
212
Let y(l) = 3*l**3 + 5*l**2 - 16*l + 10. Calculate y(2).
22
Let v(b) = -6*b**2 + 86*b + 24. Determine v(15).
-36
Let d(h) = -4*h**3 - 4*h**2 - 20*h + 102. Determine d(3).
-102
Let u(z) = -z**3 - 17*z**2 - 8*z - 35. Determine u(-17).
101
Let d(s) = -s**3 + 64*s**2 - 86*s + 1435. Give d(63).
-14
Let v(f) = -93*f + 810. Calculate v(8).
66
Let f(j) = -9*j - 1006. Determine f(-77).
-313
Let c(o) = 3*o**3 + 55*o**2 + 69*o + 188. Determine c(-17).
171
Let y(r) = 49*r**2 - 792*r + 118. Calculate y(16).
-10
Let m(o) = 51*o + 1994. Give m(-46).
-352
Let p(h) = -3*h**2 + 36*h + 209. Calculate p(16).
17
Let b(r) = 2872*r - 28716. Calculate b(10).
4
Let v(m) = -31*m**2 + 66*m + 274. What is v(-4)?
-486
Let z(t) = -69*t**3 + 1862*t**2 + 23*t + 103. Give z(27).
-5
Let k(p) = 50*p - 1388. Calculate k(29).
62
Let u(n) = 5*n**3 + 3*n**2 - 15*n - 33. Give u(-2).
-31
Let z(k) = 9*k**2 - 22*k - 8. What is z(3)?
7
Let i(v) = 108*v + 953. Give i(-9).
-19
Let l(g) = -34*g + 3579. Calculate l(103).
77
Let c(y) = -33*y + 225. Determine c(8).
-39
Let w(j) = 762*j - 17520. Calculate w(23).
6
Let a(q) = 2*q**2 - 81*q + 826. What is a(20)?
6
Let b(a) = -2*a**2 + 2*a + 3126. What is b(40)?
6
Let z(d) = d**2 - 57*d + 735. Give z(39).
33
Let v(q) = q**3 + 34*q**2 + 142*q + 2. What is v(-5)?
17
Let w(a) = -a**3 - 51*a**2 + 17*a - 1830. Give w(-52).
-10
Let s(o) = -o**2 - 11*o + 240. Calculate s(-21).
30
Let r(k) = -186*k - 2248. Give r(-12).
-16
Let n(p) = -6*p**2 + 154*p - 549. What is n(22)?
-65
Let f(x) = -5*x - 620. Determine f(-42).
-410
Let b(w) = 165*w + 5053. What is b(-31)?
-62
Let a(b) = -240*b + 1192. What is a(5)?
-8
Let u(v) = 80*v**3 + 6*v**2 - 8*v + 3. Give u(1).
81
Let w(n) = -168*n + 843. Give w(5).
3
Let m(f) = 22*f + 561. Give m(-23).
55
Let n(y) = y**2 - 301*y + 17205. Give n(77).
-43
Let t(c) = -c**3 - 23*c**2 - 31*c + 155. Calculat